{"id":1182,"date":"2017-02-08T09:58:32","date_gmt":"2017-02-08T09:58:32","guid":{"rendered":"http:\/\/consulting.stylemixthemes.com\/demo\/?page_id=1182"},"modified":"2023-10-26T20:45:19","modified_gmt":"2023-10-27T00:45:19","slug":"contato","status":"publish","type":"page","link":"https:\/\/dindincred.com.br\/index.php\/contato\/","title":{"rendered":"Contato"},"content":{"rendered":"<section class=\"wpb-content-wrapper\"><p>[vc_row][vc_column][vc_column_text css=&#8221;.vc_custom_1698366134028{margin-bottom: 40px !important;}&#8221;]<span style=\"font-family: Montserrat; color: #444444; font-size: 16px; letter-spacing: -0.4px;\">Estamos prontos para melhor lhe atender: Conte com nossa experiente equipe<br \/>\n<\/span>[\/vc_column_text][\/vc_column][\/vc_row][vc_row css=&#8221;.vc_custom_1485495419934{margin-bottom: 0px !important;}&#8221;][vc_column offset=&#8221;vc_col-lg-4&#8243; css=&#8221;.vc_custom_1485435561407{margin-bottom: 30px !important;}&#8221;][vc_custom_heading stripe_pos=&#8221;hide&#8221; text=&#8221;Contato&#8221; font_container=&#8221;tag:h3|font_size:20px|text_align:left|color:%23222222|line_height:45px&#8221; google_fonts=&#8221;font_family:Montserrat%3Aregular%2C700|font_style:700%20bold%20regular%3A700%3Anormal&#8221; el_class=&#8221;border_base_color&#8221; css=&#8221;.vc_custom_1697266162569{margin-top: -5px !important;margin-bottom: -13px !important;border-top-width: 3px !important;}&#8221;][stm_contacts_widget style=&#8221;style_4&#8243; class=&#8221;https:\/\/www.instagram.com\/dindincred&#8221; address=&#8221;Rua 13 de Maio, 2310 &#8211; Centro<br \/>\nCampo Grande, MS 79002357&#8243; email=&#8221;atendimento@dindincred.com.br&#8221; facebook=&#8221;https:\/\/www.facebook.com\/dindincred&#8221; phones_all=&#8221;+1 212 386 5575<\/p>\n<p>+1 212 386 7575&#8243; phone=&#8221;+67 3027-3377&#8243; phone_two=&#8221;+67 99679-5145&#8243;][\/vc_column][vc_column offset=&#8221;vc_col-lg-4&#8243; css=&#8221;.vc_custom_1485435566908{margin-bottom: 30px !important;}&#8221;][vc_custom_heading stripe_pos=&#8221;hide&#8221; text=&#8221;Atendimento ao cliente&#8221; font_container=&#8221;tag:h3|font_size:20px|text_align:left|color:%23222222|line_height:45px&#8221; google_fonts=&#8221;font_family:Montserrat%3Aregular%2C700|font_style:700%20bold%20regular%3A700%3Anormal&#8221; el_class=&#8221;border_base_color&#8221; css=&#8221;.vc_custom_1697266203974{margin-top: -5px !important;margin-bottom: -8px !important;border-top-width: 3px !important;}&#8221;][vc_column_text css=&#8221;.vc_custom_1697261412384{margin-bottom: 20px !important;}&#8221;]<span style=\"display: block; line-height: 22px;\"><span class=\"HwtZe\" lang=\"pt\"><span class=\"jCAhz ChMk0b\"><span class=\"ryNqvb\">Para obter mais informa\u00e7\u00f5es sobre oportunidades de consignado e cr\u00e9ditos, entre em contato com:<\/span><\/span><\/span><\/span>[\/vc_column_text][stm_contact style=&#8221;style_2&#8243; name=&#8221;Fale com Din Din Cred&#8221; image=&#8221;7251&#8243; job=&#8221;Atendimento ao Cliente&#8221; email=&#8221;atendimento@dindincred.com.br&#8221; phone=&#8221;67 99679-5113&#8243; phone_two=&#8221;67 3027-3377&#8243;][\/vc_column][vc_column offset=&#8221;vc_col-lg-4&#8243; css=&#8221;.vc_custom_1485435572601{margin-bottom: 30px !important;}&#8221;][vc_custom_heading stripe_pos=&#8221;hide&#8221; text=&#8221;Ouvidoria&#8221; font_container=&#8221;tag:h3|font_size:20px|text_align:left|color:%23222222|line_height:45px&#8221; google_fonts=&#8221;font_family:Montserrat%3Aregular%2C700|font_style:700%20bold%20regular%3A700%3Anormal&#8221; el_class=&#8221;border_base_color&#8221; css=&#8221;.vc_custom_1697266231617{margin-top: -5px !important;margin-bottom: -8px !important;border-top-width: 3px !important;}&#8221;][vc_column_text css=&#8221;.vc_custom_1697266525775{margin-bottom: 20px !important;}&#8221;]<\/p>\n<div class=\"lRu31\"><span class=\"HwtZe\" lang=\"pt\"><span class=\"jCAhz ChMk0b\"><span class=\"ryNqvb\">Se voc\u00ea quer saber mais e deseja falar com algu\u00e9m da Din Din Cred, entre em contato:<\/span><\/span><\/span><span style=\"display: block; line-height: 22px;\"><br \/>\n<\/span><\/div>\n<p>[\/vc_column_text][stm_contact style=&#8221;style_2&#8243; name=&#8221;Atendemos todo pa\u00eds&#8221; image=&#8221;7250&#8243; job=&#8221;Atendemos todo pa\u00eds&#8221; email=&#8221;atendimento@dindincred.com.br&#8221; phone=&#8221;0800 130 3000&#8243; phone_two=&#8221;67 3017-3377&#8243;][\/vc_column][\/vc_row][vc_row css=&#8221;.vc_custom_1485495492516{margin-bottom: 27px !important;}&#8221;][vc_column][vc_gmaps link=&#8221;#E-8_JTNDaWZyYW1lJTIwc3JjJTNEJTIyaHR0cHMlM0ElMkYlMkZ3d3cuZ29vZ2xlLmNvbSUyRm1hcHMlMkZlbWJlZCUzRnBiJTNEJTIxMW0xOCUyMTFtMTIlMjExbTMlMjExZDM3MzguMDEyMjQ0MDY5MzU0JTIxMmQtNTQuNjE4MDAzNzI2MTQ2NjQlMjEzZC0yMC40NjQ2OTAyODEwNDcyNCUyMTJtMyUyMTFmMCUyMTJmMCUyMTNmMCUyMTNtMiUyMTFpMTAyNCUyMTJpNzY4JTIxNGYxMy4xJTIxM20zJTIxMW0yJTIxMXMweDk0ODZlNjE4YWVkMWU0YzklMjUzQTB4Y2MxMzFjNWNkZDQwMWNkZSUyMTJzRGluJTI1MjBEaW4lMjUyMENyZWQlMjUyMC0lMjUyMEVtcHIlMjVDMyUyNUE5c3RpbW8lMjUyMENvbnNpZ25hZG8lMjUyMC0lMjUyMElOU1MlMjUyQyUyNTIwTE9BUyUyNTJGQlBDJTI1MjAtJTI1MjBTZXJ2aWRvcmVzJTI1MjBQJTI1QzMlMjVCQWJsaWNvcyUyNTIwLSUyNTIwTWlsaXRhcmVzJTI1MjAtJTI1MjBTYXF1ZSUyNTIwRkdUUyUyNTIwLSUyNTIwQXV4JTI1QzMlMjVBRGxpbyUyNTIwQnJhc2lsJTIxNWUwJTIxM20yJTIxMXNwdC1CUiUyMTJzYnIlMjE0djE2OTcyNjQ4NzI2MDQlMjE1bTIlMjExc3B0LUJSJTIxMnNiciUyMiUyMHdpZHRoJTNEJTIyNjAwJTIyJTIwaGVpZ2h0JTNEJTIyNDUwJTIyJTIwc3R5bGUlM0QlMjJib3JkZXIlM0EwJTNCJTIyJTIwYWxsb3dmdWxsc2NyZWVuJTNEJTIyJTIyJTIwbG9hZGluZyUzRCUyMmxhenklMjIlMjByZWZlcnJlcnBvbGljeSUzRCUyMm5vLXJlZmVycmVyLXdoZW4tZG93bmdyYWRlJTIyJTNFJTNDJTJGaWZyYW1lJTNF&#8221;][\/vc_column][\/vc_row][vc_row css=&#8221;.vc_custom_1485495581044{margin-bottom: 0px !important;}&#8221;][vc_column][vc_custom_heading text=&#8221;Contato&#8221; font_container=&#8221;tag:h4|text_align:left&#8221; google_fonts=&#8221;font_family:Montserrat%3Aregular%2C700|font_style:700%20bold%20regular%3A700%3Anormal&#8221; css=&#8221;.vc_custom_1697265281566{margin-bottom: 28px !important;}&#8221;]\n<div class=\"wpcf7 no-js\" id=\"wpcf7-f1177-o1\" lang=\"en-US\" dir=\"ltr\" data-wpcf7-id=\"1177\">\n<div class=\"screen-reader-response\"><p role=\"status\" aria-live=\"polite\" aria-atomic=\"true\"><\/p> <ul><\/ul><\/div>\n<form action=\"\/index.php\/wp-json\/wp\/v2\/pages\/1182#wpcf7-f1177-o1\" method=\"post\" class=\"wpcf7-form init\" aria-label=\"Contact form\" novalidate=\"novalidate\" data-status=\"init\">\n<div style=\"display: none;\">\n<input type=\"hidden\" name=\"_wpcf7\" value=\"1177\" \/>\n<input type=\"hidden\" name=\"_wpcf7_version\" value=\"6.0.5\" \/>\n<input type=\"hidden\" name=\"_wpcf7_locale\" value=\"en_US\" \/>\n<input type=\"hidden\" name=\"_wpcf7_unit_tag\" value=\"wpcf7-f1177-o1\" \/>\n<input type=\"hidden\" name=\"_wpcf7_container_post\" value=\"0\" \/>\n<input type=\"hidden\" name=\"_wpcf7_posted_data_hash\" value=\"\" \/>\n<\/div>\n<div class=\"request_callback\">\n    <div class=\"row\">\n        <div class=\"col-lg-4 col-md-4 col-sm-12 col-xs-12\">\n            <div class=\"input-group\">\n                <span class=\"wpcf7-form-control-wrap\" data-name=\"message\"><textarea cols=\"40\" rows=\"10\" maxlength=\"2000\" class=\"wpcf7-form-control wpcf7-textarea wpcf7-validates-as-required height205\" aria-required=\"true\" aria-invalid=\"false\" placeholder=\"Your Message *\" name=\"message\"><\/textarea><\/span>\n            <\/div>\n        <\/div>\n        <div class=\"col-lg-4 col-md-4 col-sm-12 col-xs-12\">\n            <div class=\"input-group\">\n                <span class=\"wpcf7-form-control-wrap\" data-name=\"text-name\"><input size=\"40\" maxlength=\"400\" class=\"wpcf7-form-control wpcf7-text wpcf7-validates-as-required\" aria-required=\"true\" aria-invalid=\"false\" placeholder=\"First name *\" value=\"\" type=\"text\" name=\"text-name\" \/><\/span>\n            <\/div>\n            <div class=\"input-group\">\n                <span class=\"wpcf7-form-control-wrap\" data-name=\"email\"><input size=\"40\" maxlength=\"400\" class=\"wpcf7-form-control wpcf7-email wpcf7-validates-as-required wpcf7-text wpcf7-validates-as-email\" aria-required=\"true\" aria-invalid=\"false\" placeholder=\"E-mail *\" value=\"\" type=\"email\" name=\"email\" \/><\/span>\n            <\/div>\n            <div class=\"input-group\">\n                <span class=\"wpcf7-form-control-wrap\" data-name=\"menu-774\"><select class=\"wpcf7-form-control wpcf7-select wpcf7-validates-as-required\" aria-required=\"true\" aria-invalid=\"false\" name=\"menu-774\"><option value=\"\">Reason for Contact *<\/option><option value=\"Value1\">Value1<\/option><option value=\"Value2\">Value2<\/option><\/select><\/span>\n            <\/div>\n        <\/div>\n        <div class=\"col-lg-4 col-md-4 col-sm-12 col-xs-12\">\n            <div class=\"input-group\">\n                <span class=\"wpcf7-form-control-wrap\" data-name=\"menu-363\"><select class=\"wpcf7-form-control wpcf7-select wpcf7-validates-as-required\" aria-required=\"true\" aria-invalid=\"false\" name=\"menu-363\"><option value=\"\">Area of Interest *<\/option><option value=\"Value1\">Value1<\/option><option value=\"Value2\">Value2<\/option><\/select><\/span>\n            <\/div>\n            <div class=\"input-group\">\n                <span class=\"wpcf7-form-control-wrap\" data-name=\"subject\"><input size=\"40\" maxlength=\"400\" class=\"wpcf7-form-control wpcf7-text wpcf7-validates-as-required\" aria-required=\"true\" aria-invalid=\"false\" placeholder=\"Subject *\" value=\"\" type=\"text\" name=\"subject\" \/><\/span>\n            <\/div>\n            <div class=\"input-group\">\n                <button type=\"submit\" class=\"button size-lg icon_right\">submit <i class=\"fa fa-chevron-right\"><\/i><\/button>\n            <\/div>\n        <\/div>\n    <\/div>\n<\/div><div class=\"wpcf7-response-output\" aria-hidden=\"true\"><\/div>\n<\/form>\n<\/div>\n[\/vc_column][\/vc_row]<\/p>\n<\/section>","protected":false},"excerpt":{"rendered":"<p>[vc_row][vc_column][vc_column_text css=&#8221;.vc_custom_1698366134028{margin-bottom: 40px !important;}&#8221;]Estamos prontos para melhor lhe atender: Conte com nossa experiente equipe [\/vc_column_text][\/vc_column][\/vc_row][vc_row css=&#8221;.vc_custom_1485495419934{margin-bottom: 0px !important;}&#8221;][vc_column offset=&#8221;vc_col-lg-4&#8243; css=&#8221;.vc_custom_1485435561407{margin-bottom: 30px !important;}&#8221;][vc_custom_heading stripe_pos=&#8221;hide&#8221; text=&#8221;Contato&#8221; font_container=&#8221;tag:h3|font_size:20px|text_align:left|color:%23222222|line_height:45px&#8221; google_fonts=&#8221;font_family:Montserrat%3Aregular%2C700|font_style:700%20bold%20regular%3A700%3Anormal&#8221; el_class=&#8221;border_base_color&#8221; css=&#8221;.vc_custom_1697266162569{margin-top: -5px !important;margin-bottom: -13px !important;border-top-width: 3px !important;}&#8221;][stm_contacts_widget style=&#8221;style_4&#8243; class=&#8221;https:\/\/www.instagram.com\/dindincred&#8221; address=&#8221;Rua 13 de Maio, 2310 &#8211; Centro Campo Grande, MS 79002357&#8243; email=&#8221;atendimento@dindincred.com.br&#8221; facebook=&#8221;https:\/\/www.facebook.com\/dindincred&#8221; phones_all=&#8221;+1 212 386 5575 +1 212<\/p>\n","protected":false},"author":1,"featured_media":0,"parent":0,"menu_order":0,"comment_status":"closed","ping_status":"closed","template":"","meta":{"sfsi_plus_gutenberg_text_before_share":"","sfsi_plus_gutenberg_show_text_before_share":"","sfsi_plus_gutenberg_icon_type":"","sfsi_plus_gutenberg_icon_alignemt":"","sfsi_plus_gutenburg_max_per_row":"","footnotes":""},"class_list":["post-1182","page","type-page","status-publish","hentry"],"_links":{"self":[{"href":"https:\/\/dindincred.com.br\/index.php\/wp-json\/wp\/v2\/pages\/1182"}],"collection":[{"href":"https:\/\/dindincred.com.br\/index.php\/wp-json\/wp\/v2\/pages"}],"about":[{"href":"https:\/\/dindincred.com.br\/index.php\/wp-json\/wp\/v2\/types\/page"}],"author":[{"embeddable":true,"href":"https:\/\/dindincred.com.br\/index.php\/wp-json\/wp\/v2\/users\/1"}],"replies":[{"embeddable":true,"href":"https:\/\/dindincred.com.br\/index.php\/wp-json\/wp\/v2\/comments?post=1182"}],"version-history":[{"count":22,"href":"https:\/\/dindincred.com.br\/index.php\/wp-json\/wp\/v2\/pages\/1182\/revisions"}],"predecessor-version":[{"id":7684,"href":"https:\/\/dindincred.com.br\/index.php\/wp-json\/wp\/v2\/pages\/1182\/revisions\/7684"}],"wp:attachment":[{"href":"https:\/\/dindincred.com.br\/index.php\/wp-json\/wp\/v2\/media?parent=1182"}],"curies":[{"name":"wp","href":"https:\/\/api.w.org\/{rel}","templated":true}]}}